hat is the value of -30 - (41 + -92) - 18?
3
What is (1070 - 1057) + -6 + 2 + (-40 - 1)?
-32
37 + 9 + -31 + 0 + 4
19
Evaluate (59 - 44) + -70 + 48.
-7
What is (-7 - 30) + 27 + (-3 - (12 + -140))?
115
Evaluate -9 + 0 + 43 + -11 + -85 + 4 + -3.
-61
Calculate (36 - 86) + 59 + -34.
-25
Evaluate -12 - (-1 + 10 + -38 - -9) - 7.
1
74 + ((19 - (-19 + 20)) + -17 - 20)
55
4 - -90 - (839 - 709)
-36
Calculate 15 - (2 - (-35 + 37)) - 1.
14
Calculate -68 - (-116 + 67) - (-22 + 0).
3
Evaluate -18 + -25 + 21 + (-36 - 14).
-72
Calculate -2 - -6 - ((20 - 16) + -4 - -3 - 6).
7
(-31 - -23) + 22 - 27
-13
Calculate 29 + -16 + (-161 - -86).
-62
Calculate 31 + (-5 - ((14 - -6) + -7)) - 25.
-12
What is the value of -5 + 28 - (1 - 8 - 15)?
45
(-2 - -32) + -4145 + 4116
1
What is -1397 + 1433 + (-2 - (7 + 0))?
27
-2 + -10 - (4 + 28 + -11)
-33
Calculate 9 + -4 + 7 + (25 - 28).
9
38 + (-48 + 52 - 28)
14
Evaluate -45 - (29 - 30 - 72).
28
What is the value of -12 + 15 + -21 + 12 + -22 + 18?
-10
What is 14 + -10 + -21 + 16 - -22?
21
What is the value of 2248 - 2340 - (-170 - 3)?
81
-12 - ((-34 - 16) + 42)
-4
Evaluate (-10 - (33 - 19)) + (8 - (6 - 10 - -8)).
-20
Calculate (-7 - -108) + (-124 + 111 - -13).
101
What is 58 + -175 + 80 + 30?
-7
Evaluate 2 - 0 - (-15 + -28) - (5 + -22).
62
Calculate -124 + 208 + -122 - (0 + -15).
-23
What is -20 - -37 - (9 - -32)?
-24
What is the value of -15 + -3 - (11 - 24) - (23 - (-1 + 3))?
-26
Calculate 668 + -640 + 2 + -2 + -2.
26
Evaluate (-14 - -31) + -25 + 18 - (-1 - -3 - -2).
6
-31 + -62 + 128 + -122
-87
Calculate -49 + (-17 + 8 + 27 - 35).
-66
31 - (15 + -35 + -6 + 15)
42
Evaluate 0 + -2 - (42 - 2 - 36) - (-57 + -9).
60
-214 - (-133 + -91) - (-1 - -1 - 57)
67
What is (16 + (-61 - -30) - -22) + 39?
46
What is (-109 - (-313 + 191)) + (1 - 26)?
-12
Evaluate 6 + 17 + -4 - (-12 - -40).
-9
Calculate -6 + (16 - 37) + 51.
24
(-25 - -20) + (-3 + 10 + -1 - 105) + -3
-107
Calculate (-34 - -32) + 68 - (34 - 64).
96
-1 - -13 - (43 - 25 - 65)
59
(9 - -42) + 13 - 45
19
Evaluate 44 - (3 + (-26 - -127)).
-60
What is (-195 - -165) + -17 + 27?
-20
6 + (0 + -6 + (8 - 11) - (16 + -53))
34
What is 3715 - 3729 - (73 + -1)?
-86
What is the value of -34 + -19 + (18 + 12 - 17)?
-40
Evaluate -8 + (-9 + 39 - 2) - 4.
16
Calculate (9 - 38) + (44 - (19 + 39)).
-43
What is 0 + 75 + (-31 + -6 + 0 + 10 - -21)?
69
Calculate (4 - 18) + (-7 - (39 - (2 - -2))).
-56
Calculate 16955 + -17063 + 0 + 112.
4
What is (-11 - 46 - -22) + -13 + -1 + 1?
-48
-53 + (46 - (115 + -78))
-44
53 + 506 + -499 + (-2 - (-2 - (1 - 0)))
61
Evaluate (-1 - 26) + (-543 - -602).
32
-7 + -108 + (68 - 11) + -26
-84
11 + (32 - 22 - -3) - 53
-29
Evaluate -73 + (-1 - -1 - 5) + -606 + 612.
-72
What is (6 - (-10 - -7 - (0 + -3))) + 255 + -318?
-57
What is the value of -2 + -2 + -2 + 2 - (23 - (-151 + 255))?
77
What is the value of -35 - (8 + -28) - (-38 + 0)?
23
What is 1 + -2 + 87 - (31221 - 31217)?
82
Calculate 13 + 64 + (-54 - -24) + 25.
72
-8 + 5 + -106 + -2
-111
Evaluate -34 + -15 + 39 + -38 + 3.
-45
Calculate 38 + (-27 + 78 - 129).
-40
Evaluate 3 + 6 + 180 + -132 + -16.
41
Calculate (-15 - (-14 - -6)) + -22 + 30 + -51 + 1.
-49
Calculate -70 + (64 - 51) + 27.
-30
What is (-101 - ((-9 - -48) + -37)) + 33?
-70
What is -39 + (169 - 38) + -38?
54
What is the value of -9 + (16 - (35 + -49))?
21
What is the value of -8948 + 8933 + -2 + 124?
107
What is the value of -12 + (3 - 1) + 56 + -95 - (-2 + -1)?
-46
Evaluate (-3 - (-3 - -3)) + -77 + 79 + 3 + 82.
84
Calculate (25 - 16) + -14 + -3 - (4 + (-1 - 95)).
84
What is the value of 5 - (17 - (-25 - -19))?
-18
What is the value of -41 - (42 - 72 - 54)?
43
What is the value of 7 + -8 - (9 - 16) - (32 - (12 - 6))?
-20
What is 98 + -49 + 42 - 49?
42
Calculate (-7 - -21) + (3 - 0 - (67 + -72)).
22
What is the value of -16 - (-44 - (-2 + 4)) - -19?
49
-87 - -282 - 70 - 58
67
Calculate -27 - 1 - (0 - (221 + -221)).
-28
What is the value of (-1 - 1) + -10 + 0 + -2 + 11628 + -11564?
50
-8 + (11 + -27 - -1 - -6) + -4
-21
What is 1 + -8 + -3 - (10 + 39 + 69)?
-128
What is the value of 1 + 18 - (274 + -240) - (3 + -67)?
49
716 + -662 + -30 + 3
27
Calculate 8 - (581 - 577 - (-21 - 1)).
-18
What is the value of (55 + 38 - 73) + 11 + -2 + -1?
28
56 - (264 - (60 + 44))
-104
What is the value of -96 + (95 - (-32 - 62))?
93
-20 + 60 + (-16 - 20)
4
What is -6 + -3 + -7 + (52 - (7 + -11 + -1))?
41
What is the value of 77 - (-114 - (-43 - 184))?
-36
Calculate -45 - (47 + -4 + -41).
-47
31 + (295 + -307 - (1 - -15))
3
Calculate 16 + (98 - 149) + (-2 - (10 + -2)).
-45
Calculate (-40 - -15) + (67 - 39) + 46.
49
Evaluate -79 + (119 - 94 - -38).
-16
Calculate 73 + (-2 + -31 - (-396 + 379)) + -5.
52
What is the value of -19 + 0 + (-111 - (-191 - -101))?
-40
What is 5 + -8 - (0 + -1) - (-15 - (-119 - -62))?
-44
What is the value of -590 + 579 + 32 + (-7 - -1)?
15
Calculate -7 + 88 - -7 - (-839 - -848).
79
Calculate -40 + -18 + 29 + 65.
36
Evaluate (-46 - 1) + (-5333 - -5422).
42
(-1 - (-12 + -1 + -1) - (27 + -19)) + -8
-3
What is the value of 16 + (-44 - -31 - 33) - 1?
-31
Calculate 13 + (20 - (1 + 34)) - 11.
-13
Calculate 0 + (8 - 1) + (-60 - (-40 - 9)).
-4
Evaluate -32 - (-45 - (20 + -36 - 14)).
-17
What is -30 + (25 - 26 - (-10 - 1 - -1))?
-21
Evaluate -8 + (3 - -4) - (315 + -259).
-57
What is 2 + -49 + (-33 - -2) + 52?
-26
Calculate 11 + 6 + -30 - -17 - (-2 + -18).
24
Calculate -8 - (4 + -7 + 5) - (84 + -34).
-60
What is 35 + -36 + (-17 + 18 - (1 - -1 - 14))?
12
9 - (13 - 2 - (-10 - -9))
-3
What is the value of 26 + -21 - (-4 + -21 - 3)?
33
Evaluate -2 + -11 + 0 + 2146 + -2059 - -2 - -14.
90
What is the value of -43 + -4 - (1 + 8 - (2 + 12))?
-42
0 - -1 - (314 + -136 - 171)
-6
Evaluate 13 - 2 - ((1 - -43) + -29 + 0 + 20).
-24
Calculate -3 + (9 - 11) - (-89 - -114).
-30
27 + (-32 - -61 - 18)
38
Evaluate 24 + -21 + 1 - 13 - -10.
1
What is the value of (-5 - 35) + 2 + 23 + 72?
57
What is the value of 1 - 10 - -19 - (-11 - 5)?
26
2 + -38 + 26 + (2 - -2) - (52 + -4)
-54
-16 + -28 + (-27 - -69)
-2
Evaluate (-63 - -53) + -8 + 1 + -16.
-33
113 - (-40 + -66 + 205)
14
Calculate 9 + (5 + -40 - (7 - -1)).
-34
Calculate -112 + (-2 - (93 + -45 - 57)).
-105
Evaluate -40 - 0 - (-1332 - -1313).
-21
(80 - 61) + (15 - (7 - 3))
30
Calculate 2 - (-6 + (40 - 58)).
26
Evaluate -61 + (8 - -166 - 57).
56
What is -1 - (365 + -341 - (106 - 0) - (0 - 10))?
71
What is the value of -14198 - -14320 - (90 - -1)?
31
18 - (-2 + -3 - (19 + -25)) - (3 - 6)
20
What is the value of (2 - ((15 - 23) + 12)) + 2?
0
What is the value of 5 - (-8 + 26 + 34 + -17)?
-30
Calculate 62 - 60 - 107 - -188.
83
Evaluate (0 - (5 + 18 + -9 - -41)) + 4.
-51
-64 - -2 - (-11 - (9 - 5) - (40 - 48))
-55
What is ((6 - -2) + -20 - (-44 - 0)) + 13?
45
-108 - (-103 - (53 - 121))
-73
Calculate (37 - 38) + (-14 - -2) + (-9 - -11).
-11
What is -15 + (-5 + 1 - (251 - 262)) - 5?
-13
Evaluate 1 - 13 - (12 + -29 + -1 + -14).
20
6 - -2 - 4 - (5 - -35 - 5)
-31
-48 + -1 + 1655 + -1557 + 87
136
(6 - (-13 - -20)) + -10 - (98 + 10)
-119
-34 + 1 + 2 + -4 + (94 - 86)
-27
Evaluate (21 - (-3 + 2 - -1)) + -9 + 1 + -1.
12
Calculate -13 - (13 - (-32 - (-5 + -7) - -7)).
-39
-2307 + 2332 + 77 + -1 - -13
114
-16 + (99 - -22 - 6)
99
Evaluate 1 + 5 + -82 + 16 + 12.
-48
(3 + -3 - -8) + (45 + -72 - -42)
23
Evaluate 0 - 0 - 13 - (73 + -26 + -99).
39
What is the value of 40 - (-5 + 27 - -19)?
-1
What is -1 + -18 + 3 - (-60 - (7 - -9))?
60
Evaluate -10 + 1 + -3 - (1990 - 1988).
-14
What is -8 - -30 - (104 + 0 + -31)?
-51
Evaluate -50 + (25 - (90 - 55)).
-60
What is the value of 5 - (-15 - -7 - (-7 - -1 - (100 - 167)))?
74
What is 7 - (23 - -11 - (-15 - (0 + -9)))?
-33
0 + -75 - (-268 - (-620 + 349))
-78
What is (-43 - -24) + -106 + 121?
-4
What is the value of -5 + (-230 + 244 - (25 - 1)) + 37?
22
Calculate (2 + 0 - (6 - 13) - 20) + 19 - -49.
57
What is the value of -6 + 65 + -5 + 19 + (-1 - 8) + -3?
61
Evaluate -35 + (53 - 52) + -1 + -28.
-63
What is the value of -2 - (-3 - (24 + (-14 - -1))) - -1?
13
Evaluate 1 + -17 + (-90 - -108) + -3 + 0.
-1
(-35 + 33 - (-7 + -2)) + -44
-37
(-3 - (-1 - -1 - (-78 - -70))) + -7
-18
What is the value of 7 - ((22 - (-5 + 13)) + (-171 - -77))?
87
What is 5 + (-5 + (-10 - (-6 + 2)) - -10 - 45)?
-41
Calculate -111 + -16 + 47 + -1.
-81
What is 